{"id":1302,"date":"2021-03-08T16:48:00","date_gmt":"2021-03-08T16:48:00","guid":{"rendered":"https:\/\/www.naturwaren.ch\/?page_id=1302"},"modified":"2021-03-08T16:49:05","modified_gmt":"2021-03-08T16:49:05","slug":"impressum","status":"publish","type":"page","link":"https:\/\/www.naturwaren.ch\/?page_id=1302","title":{"rendered":"Impressum"},"content":{"rendered":"<h2>Kontaktadresse<\/h2>\n<p>Naturwaren Bibrich<br \/>\nHauptstrasse 26<br \/>\n8272 Ermatingen<br \/>\nSchweiz<br \/>\ninfo@naturwaren.ch<br \/>\n0716642407<\/p>\n<h2>Vertretungsberechtigte Personen<\/h2>\n<p>Oskar Bibrich, Gesch\u00e4ftsinhaber<\/p>\n<h2>Haftungsausschluss<\/h2>\n<p>Der Autor \u00fcbernimmt keinerlei Gew\u00e4hr hinsichtlich der inhaltlichen Richtigkeit, Genauigkeit, Aktualit\u00e4t, Zuverl\u00e4ssigkeit und Vollst\u00e4ndigkeit der Informationen. Haftungsanspr\u00fcche gegen den Autor wegen Sch\u00e4den materieller oder immaterieller Art, welche aus dem Zugriff oder der Nutzung bzw. Nichtnutzung der ver\u00f6ffentlichten Informationen, durch Missbrauch der Verbindung oder durch technische St\u00f6rungen entstanden sind, werden ausgeschlossen. Alle Angebote sind unverbindlich. Der Autor beh\u00e4lt es sich ausdr\u00fccklich vor, Teile der Seiten oder das gesamte Angebot ohne gesonderte Ank\u00fcndigung zu ver\u00e4ndern, zu erg\u00e4nzen, zu l\u00f6schen oder die Ver\u00f6ffentlichung zeitweise oder endg\u00fcltig einzustellen.<\/p>\n<h2>Haftung f\u00fcr Links<\/h2>\n<p>Verweise und Links auf Webseiten Dritter liegen ausserhalb unseres Verantwortungsbereichs Es wird jegliche Verantwortung f\u00fcr solche Webseiten abgelehnt. Der Zugriff und die Nutzung solcher Webseiten erfolgen auf eigene Gefahr des Nutzers oder der Nutzerin.<\/p>\n<h2>Urheberrechte<\/h2>\n<p>Die Urheber- und alle anderen Rechte an Inhalten, Bildern, Fotos oder anderen Dateien auf der Website geh\u00f6ren ausschliesslich der Firma Naturwaren Bibrich oder den speziell genannten Rechtsinhabern. F\u00fcr die Reproduktion jeglicher Elemente ist die schriftliche Zustimmung der Urheberrechtstr\u00e4ger im Voraus einzuholen.<\/p>\n","protected":false},"excerpt":{"rendered":"<p>Kontaktadresse Naturwaren Bibrich Hauptstrasse 26 8272 Ermatingen Schweiz info@naturwaren.ch 0716642407 Vertretungsberechtigte Personen Oskar Bibrich, Gesch\u00e4ftsinhaber Haftungsausschluss Der Autor \u00fcbernimmt keinerlei Gew\u00e4hr hinsichtlich der inhaltlichen Richtigkeit, Genauigkeit, Aktualit\u00e4t, Zuverl\u00e4ssigkeit und Vollst\u00e4ndigkeit der Informationen. Haftungsanspr\u00fcche gegen den Autor wegen Sch\u00e4den materieller oder immaterieller Art, welche aus dem Zugriff oder der Nutzung bzw. Nichtnutzung der ver\u00f6ffentlichten Informationen, durch [&hellip;]<\/p>\n","protected":false},"author":1,"featured_media":0,"parent":0,"menu_order":0,"comment_status":"closed","ping_status":"closed","template":"","meta":{"footnotes":""},"class_list":["post-1302","page","type-page","status-publish","hentry"],"yoast_head":"<!-- This site is optimized with the Yoast SEO plugin v26.5 - https:\/\/yoast.com\/wordpress\/plugins\/seo\/ -->\n<title>Impressum | Naturwaren<\/title>\n<meta name=\"robots\" content=\"index, follow, max-snippet:-1, max-image-preview:large, max-video-preview:-1\" \/>\n<link rel=\"canonical\" href=\"https:\/\/www.naturwaren.ch\/?page_id=1302\" \/>\n<meta property=\"og:locale\" content=\"de_DE\" \/>\n<meta property=\"og:type\" content=\"article\" \/>\n<meta property=\"og:title\" content=\"Impressum | Naturwaren\" \/>\n<meta property=\"og:description\" content=\"Kontaktadresse Naturwaren Bibrich Hauptstrasse 26 8272 Ermatingen Schweiz info@naturwaren.ch 0716642407 Vertretungsberechtigte Personen Oskar Bibrich, Gesch\u00e4ftsinhaber Haftungsausschluss Der Autor \u00fcbernimmt keinerlei Gew\u00e4hr hinsichtlich der inhaltlichen Richtigkeit, Genauigkeit, Aktualit\u00e4t, Zuverl\u00e4ssigkeit und Vollst\u00e4ndigkeit der Informationen. Haftungsanspr\u00fcche gegen den Autor wegen Sch\u00e4den materieller oder immaterieller Art, welche aus dem Zugriff oder der Nutzung bzw. Nichtnutzung der ver\u00f6ffentlichten Informationen, durch [&hellip;]\" \/>\n<meta property=\"og:url\" content=\"https:\/\/www.naturwaren.ch\/?page_id=1302\" \/>\n<meta property=\"og:site_name\" content=\"Naturwaren\" \/>\n<meta property=\"article:publisher\" content=\"https:\/\/www.facebook.com\/Naturwarench-470034306341704\/\" \/>\n<meta property=\"article:modified_time\" content=\"2021-03-08T16:49:05+00:00\" \/>\n<meta name=\"twitter:card\" content=\"summary_large_image\" \/>\n<meta name=\"twitter:label1\" content=\"Gesch\u00e4tzte Lesezeit\" \/>\n\t<meta name=\"twitter:data1\" content=\"1\u00a0Minute\" \/>\n<script type=\"application\/ld+json\" class=\"yoast-schema-graph\">{\"@context\":\"https:\/\/schema.org\",\"@graph\":[{\"@type\":\"WebPage\",\"@id\":\"https:\/\/www.naturwaren.ch\/?page_id=1302\",\"url\":\"https:\/\/www.naturwaren.ch\/?page_id=1302\",\"name\":\"Impressum | Naturwaren\",\"isPartOf\":{\"@id\":\"https:\/\/www.naturwaren.ch\/#website\"},\"datePublished\":\"2021-03-08T16:48:00+00:00\",\"dateModified\":\"2021-03-08T16:49:05+00:00\",\"breadcrumb\":{\"@id\":\"https:\/\/www.naturwaren.ch\/?page_id=1302#breadcrumb\"},\"inLanguage\":\"de\",\"potentialAction\":[{\"@type\":\"ReadAction\",\"target\":[\"https:\/\/www.naturwaren.ch\/?page_id=1302\"]}]},{\"@type\":\"BreadcrumbList\",\"@id\":\"https:\/\/www.naturwaren.ch\/?page_id=1302#breadcrumb\",\"itemListElement\":[{\"@type\":\"ListItem\",\"position\":1,\"name\":\"Startseite\",\"item\":\"https:\/\/www.naturwaren.ch\/\"},{\"@type\":\"ListItem\",\"position\":2,\"name\":\"Impressum\"}]},{\"@type\":\"WebSite\",\"@id\":\"https:\/\/www.naturwaren.ch\/#website\",\"url\":\"https:\/\/www.naturwaren.ch\/\",\"name\":\"Naturwaren\",\"description\":\"R\u00e4ucherwaren - Ohrenkerzen - Klangschalen\",\"publisher\":{\"@id\":\"https:\/\/www.naturwaren.ch\/#organization\"},\"potentialAction\":[{\"@type\":\"SearchAction\",\"target\":{\"@type\":\"EntryPoint\",\"urlTemplate\":\"https:\/\/www.naturwaren.ch\/?s={search_term_string}\"},\"query-input\":{\"@type\":\"PropertyValueSpecification\",\"valueRequired\":true,\"valueName\":\"search_term_string\"}}],\"inLanguage\":\"de\"},{\"@type\":\"Organization\",\"@id\":\"https:\/\/www.naturwaren.ch\/#organization\",\"name\":\"Naturwaren\",\"url\":\"https:\/\/www.naturwaren.ch\/\",\"logo\":{\"@type\":\"ImageObject\",\"inLanguage\":\"de\",\"@id\":\"https:\/\/www.naturwaren.ch\/#\/schema\/logo\/image\/\",\"url\":\"https:\/\/www.naturwaren.ch\/wp-content\/uploads\/2020\/12\/naturwaren_logo-e1609273799259.png\",\"contentUrl\":\"https:\/\/www.naturwaren.ch\/wp-content\/uploads\/2020\/12\/naturwaren_logo-e1609273799259.png\",\"width\":250,\"height\":56,\"caption\":\"Naturwaren\"},\"image\":{\"@id\":\"https:\/\/www.naturwaren.ch\/#\/schema\/logo\/image\/\"},\"sameAs\":[\"https:\/\/www.facebook.com\/Naturwarench-470034306341704\/\",\"https:\/\/www.instagram.com\/naturwaren.ch\/\"]}]}<\/script>\n<!-- \/ Yoast SEO plugin. -->","yoast_head_json":{"title":"Impressum | Naturwaren","robots":{"index":"index","follow":"follow","max-snippet":"max-snippet:-1","max-image-preview":"max-image-preview:large","max-video-preview":"max-video-preview:-1"},"canonical":"https:\/\/www.naturwaren.ch\/?page_id=1302","og_locale":"de_DE","og_type":"article","og_title":"Impressum | Naturwaren","og_description":"Kontaktadresse Naturwaren Bibrich Hauptstrasse 26 8272 Ermatingen Schweiz info@naturwaren.ch 0716642407 Vertretungsberechtigte Personen Oskar Bibrich, Gesch\u00e4ftsinhaber Haftungsausschluss Der Autor \u00fcbernimmt keinerlei Gew\u00e4hr hinsichtlich der inhaltlichen Richtigkeit, Genauigkeit, Aktualit\u00e4t, Zuverl\u00e4ssigkeit und Vollst\u00e4ndigkeit der Informationen. Haftungsanspr\u00fcche gegen den Autor wegen Sch\u00e4den materieller oder immaterieller Art, welche aus dem Zugriff oder der Nutzung bzw. Nichtnutzung der ver\u00f6ffentlichten Informationen, durch [&hellip;]","og_url":"https:\/\/www.naturwaren.ch\/?page_id=1302","og_site_name":"Naturwaren","article_publisher":"https:\/\/www.facebook.com\/Naturwarench-470034306341704\/","article_modified_time":"2021-03-08T16:49:05+00:00","twitter_card":"summary_large_image","twitter_misc":{"Gesch\u00e4tzte Lesezeit":"1\u00a0Minute"},"schema":{"@context":"https:\/\/schema.org","@graph":[{"@type":"WebPage","@id":"https:\/\/www.naturwaren.ch\/?page_id=1302","url":"https:\/\/www.naturwaren.ch\/?page_id=1302","name":"Impressum | Naturwaren","isPartOf":{"@id":"https:\/\/www.naturwaren.ch\/#website"},"datePublished":"2021-03-08T16:48:00+00:00","dateModified":"2021-03-08T16:49:05+00:00","breadcrumb":{"@id":"https:\/\/www.naturwaren.ch\/?page_id=1302#breadcrumb"},"inLanguage":"de","potentialAction":[{"@type":"ReadAction","target":["https:\/\/www.naturwaren.ch\/?page_id=1302"]}]},{"@type":"BreadcrumbList","@id":"https:\/\/www.naturwaren.ch\/?page_id=1302#breadcrumb","itemListElement":[{"@type":"ListItem","position":1,"name":"Startseite","item":"https:\/\/www.naturwaren.ch\/"},{"@type":"ListItem","position":2,"name":"Impressum"}]},{"@type":"WebSite","@id":"https:\/\/www.naturwaren.ch\/#website","url":"https:\/\/www.naturwaren.ch\/","name":"Naturwaren","description":"R\u00e4ucherwaren - Ohrenkerzen - Klangschalen","publisher":{"@id":"https:\/\/www.naturwaren.ch\/#organization"},"potentialAction":[{"@type":"SearchAction","target":{"@type":"EntryPoint","urlTemplate":"https:\/\/www.naturwaren.ch\/?s={search_term_string}"},"query-input":{"@type":"PropertyValueSpecification","valueRequired":true,"valueName":"search_term_string"}}],"inLanguage":"de"},{"@type":"Organization","@id":"https:\/\/www.naturwaren.ch\/#organization","name":"Naturwaren","url":"https:\/\/www.naturwaren.ch\/","logo":{"@type":"ImageObject","inLanguage":"de","@id":"https:\/\/www.naturwaren.ch\/#\/schema\/logo\/image\/","url":"https:\/\/www.naturwaren.ch\/wp-content\/uploads\/2020\/12\/naturwaren_logo-e1609273799259.png","contentUrl":"https:\/\/www.naturwaren.ch\/wp-content\/uploads\/2020\/12\/naturwaren_logo-e1609273799259.png","width":250,"height":56,"caption":"Naturwaren"},"image":{"@id":"https:\/\/www.naturwaren.ch\/#\/schema\/logo\/image\/"},"sameAs":["https:\/\/www.facebook.com\/Naturwarench-470034306341704\/","https:\/\/www.instagram.com\/naturwaren.ch\/"]}]}},"_links":{"self":[{"href":"https:\/\/www.naturwaren.ch\/index.php?rest_route=\/wp\/v2\/pages\/1302","targetHints":{"allow":["GET"]}}],"collection":[{"href":"https:\/\/www.naturwaren.ch\/index.php?rest_route=\/wp\/v2\/pages"}],"about":[{"href":"https:\/\/www.naturwaren.ch\/index.php?rest_route=\/wp\/v2\/types\/page"}],"author":[{"embeddable":true,"href":"https:\/\/www.naturwaren.ch\/index.php?rest_route=\/wp\/v2\/users\/1"}],"replies":[{"embeddable":true,"href":"https:\/\/www.naturwaren.ch\/index.php?rest_route=%2Fwp%2Fv2%2Fcomments&post=1302"}],"version-history":[{"count":2,"href":"https:\/\/www.naturwaren.ch\/index.php?rest_route=\/wp\/v2\/pages\/1302\/revisions"}],"predecessor-version":[{"id":1304,"href":"https:\/\/www.naturwaren.ch\/index.php?rest_route=\/wp\/v2\/pages\/1302\/revisions\/1304"}],"wp:attachment":[{"href":"https:\/\/www.naturwaren.ch\/index.php?rest_route=%2Fwp%2Fv2%2Fmedia&parent=1302"}],"curies":[{"name":"wp","href":"https:\/\/api.w.org\/{rel}","templated":true}]}}

<h2>Kontaktadresse</h2>
<p>Naturwaren Bibrich<br />
Hauptstrasse 26<br />
8272 Ermatingen<br />
Schweiz<br />
info@naturwaren.ch<br />
0716642407</p>
<h2>Vertretungsberechtigte Personen</h2>
<p>Oskar Bibrich, Geschäftsinhaber</p>
<h2>Haftungsausschluss</h2>
<p>Der Autor übernimmt keinerlei Gewähr hinsichtlich der inhaltlichen Richtigkeit, Genauigkeit, Aktualität, Zuverlässigkeit und Vollständigkeit der Informationen. Haftungsansprüche gegen den Autor wegen Schäden materieller oder immaterieller Art, welche aus dem Zugriff oder der Nutzung bzw. Nichtnutzung der veröffentlichten Informationen, durch Missbrauch der Verbindung oder durch technische Störungen entstanden sind, werden ausgeschlossen. Alle Angebote sind unverbindlich. Der Autor behält es sich ausdrücklich vor, Teile der Seiten oder das gesamte Angebot ohne gesonderte Ankündigung zu verändern, zu ergänzen, zu löschen oder die Veröffentlichung zeitweise oder endgültig einzustellen.</p>
<h2>Haftung für Links</h2>
<p>Verweise und Links auf Webseiten Dritter liegen ausserhalb unseres Verantwortungsbereichs Es wird jegliche Verantwortung für solche Webseiten abgelehnt. Der Zugriff und die Nutzung solcher Webseiten erfolgen auf eigene Gefahr des Nutzers oder der Nutzerin.</p>
<h2>Urheberrechte</h2>
<p>Die Urheber- und alle anderen Rechte an Inhalten, Bildern, Fotos oder anderen Dateien auf der Website gehören ausschliesslich der Firma Naturwaren Bibrich oder den speziell genannten Rechtsinhabern. Für die Reproduktion jeglicher Elemente ist die schriftliche Zustimmung der Urheberrechtsträger im Voraus einzuholen.</p>

<p>Kontaktadresse Naturwaren Bibrich Hauptstrasse 26 8272 Ermatingen Schweiz info@naturwaren.ch 0716642407 Vertretungsberechtigte Personen Oskar Bibrich, Geschäftsinhaber Haftungsausschluss Der Autor übernimmt keinerlei Gewähr hinsichtlich der inhaltlichen Richtigkeit, Genauigkeit, Aktualität, Zuverlässigkeit und Vollständigkeit der Informationen. Haftungsansprüche gegen den Autor wegen Schäden materieller oder immaterieller Art, welche aus dem Zugriff oder der Nutzung bzw. Nichtnutzung der veröffentlichten Informationen, durch [&hellip;]</p>

<!-- This site is optimized with the Yoast SEO plugin v26.5 - https://yoast.com/wordpress/plugins/seo/ -->
<title>Impressum | Naturwaren</title>
<meta name="robots" content="index, follow, max-snippet:-1, max-image-preview:large, max-video-preview:-1" />
<link rel="canonical" href="https://www.naturwaren.ch/?page_id=1302" />
<meta property="og:locale" content="de_DE" />
<meta property="og:type" content="article" />
<meta property="og:title" content="Impressum | Naturwaren" />
<meta property="og:description" content="Kontaktadresse Naturwaren Bibrich Hauptstrasse 26 8272 Ermatingen Schweiz info@naturwaren.ch 0716642407 Vertretungsberechtigte Personen Oskar Bibrich, Geschäftsinhaber Haftungsausschluss Der Autor übernimmt keinerlei Gewähr hinsichtlich der inhaltlichen Richtigkeit, Genauigkeit, Aktualität, Zuverlässigkeit und Vollständigkeit der Informationen. Haftungsansprüche gegen den Autor wegen Schäden materieller oder immaterieller Art, welche aus dem Zugriff oder der Nutzung bzw. Nichtnutzung der veröffentlichten Informationen, durch [&hellip;]" />
<meta property="og:url" content="https://www.naturwaren.ch/?page_id=1302" />
<meta property="og:site_name" content="Naturwaren" />
<meta property="article:publisher" content="https://www.facebook.com/Naturwarench-470034306341704/" />
<meta property="article:modified_time" content="2021-03-08T16:49:05+00:00" />
<meta name="twitter:card" content="summary_large_image" />
<meta name="twitter:label1" content="Geschätzte Lesezeit" />
	<meta name="twitter:data1" content="1 Minute" />
<script type="application/ld+json" class="yoast-schema-graph">{"@context":"https://schema.org","@graph":[{"@type":"WebPage","@id":"https://www.naturwaren.ch/?page_id=1302","url":"https://www.naturwaren.ch/?page_id=1302","name":"Impressum | Naturwaren","isPartOf":{"@id":"https://www.naturwaren.ch/#website"},"datePublished":"2021-03-08T16:48:00+00:00","dateModified":"2021-03-08T16:49:05+00:00","breadcrumb":{"@id":"https://www.naturwaren.ch/?page_id=1302#breadcrumb"},"inLanguage":"de","potentialAction":[{"@type":"ReadAction","target":["https://www.naturwaren.ch/?page_id=1302"]}]},{"@type":"BreadcrumbList","@id":"https://www.naturwaren.ch/?page_id=1302#breadcrumb","itemListElement":[{"@type":"ListItem","position":1,"name":"Startseite","item":"https://www.naturwaren.ch/"},{"@type":"ListItem","position":2,"name":"Impressum"}]},{"@type":"WebSite","@id":"https://www.naturwaren.ch/#website","url":"https://www.naturwaren.ch/","name":"Naturwaren","description":"Räucherwaren - Ohrenkerzen - Klangschalen","publisher":{"@id":"https://www.naturwaren.ch/#organization"},"potentialAction":[{"@type":"SearchAction","target":{"@type":"EntryPoint","urlTemplate":"https://www.naturwaren.ch/?s={search_term_string}"},"query-input":{"@type":"PropertyValueSpecification","valueRequired":true,"valueName":"search_term_string"}}],"inLanguage":"de"},{"@type":"Organization","@id":"https://www.naturwaren.ch/#organization","name":"Naturwaren","url":"https://www.naturwaren.ch/","logo":{"@type":"ImageObject","inLanguage":"de","@id":"https://www.naturwaren.ch/#/schema/logo/image/","url":"https://www.naturwaren.ch/wp-content/uploads/2020/12/naturwaren_logo-e1609273799259.png","contentUrl":"https://www.naturwaren.ch/wp-content/uploads/2020/12/naturwaren_logo-e1609273799259.png","width":250,"height":56,"caption":"Naturwaren"},"image":{"@id":"https://www.naturwaren.ch/#/schema/logo/image/"},"sameAs":["https://www.facebook.com/Naturwarench-470034306341704/","https://www.instagram.com/naturwaren.ch/"]}]}</script>
<!-- / Yoast SEO plugin. -->

Kontaktadresse Naturwaren Bibrich Hauptstrasse 26 8272 Ermatingen Schweiz info@naturwaren.ch 0716642407 Vertretungsberechtigte Personen Oskar Bibrich, Geschäftsinhaber Haftungsausschluss Der Autor übernimmt keinerlei Gewähr hinsichtlich der inhaltlichen Richtigkeit, Genauigkeit, Aktualität, Zuverlässigkeit und Vollständigkeit der Informationen. Haftungsansprüche gegen den Autor wegen Schäden materieller oder immaterieller Art, welche aus dem Zugriff oder der Nutzung bzw. Nichtnutzung der veröffentlichten Informationen, durch [&hellip;]

Räucherwaren - Ohrenkerzen - Klangschalen
