{"id":1242,"date":"2021-03-01T18:40:05","date_gmt":"2021-03-01T18:40:05","guid":{"rendered":"https:\/\/www.naturwaren.ch\/?post_type=product&#038;p=1242"},"modified":"2021-03-09T11:52:23","modified_gmt":"2021-03-09T11:52:23","slug":"fichtenharz-wald-oder-bergfichtenharz","status":"publish","type":"product","link":"https:\/\/www.naturwaren.ch\/?product=fichtenharz-wald-oder-bergfichtenharz","title":{"rendered":"Fichtenharz &#8211; Wald &#8211; oder Bergfichtenharz"},"content":{"rendered":"<p>Dieses herrlich duftende Wald-Fichtenharz reinigt die Raumluft von st\u00f6renden und negativen Einfl\u00fcssen aller Art. Desinfiziert und harmonisiert die R\u00e4umliche und zwischenmenschliche Atmosph\u00e4re.<\/p>\n<p>Unser wunderbares Waldfichtenharz bekommen wir direkt vom Sammler.<\/p>\n<p>Das naturbelassene Fichtenharz stammt aus Wildsammlung aus dem Wallis von \u00fcber 1300m H\u00f6he und ist unbehandelt.<\/p>\n<p>&nbsp;<\/p>\n<p>&nbsp;<\/p>\n<p>&nbsp;<\/p>\n","protected":false},"excerpt":{"rendered":"<p><strong>Fichtenharz<\/strong>-Picea abies<\/p>\n<p><strong>Duft\/Geruch<\/strong>:\u00a0 Intensiv, warm, waldig, moosig.<\/p>\n<p><strong>Wirkungsbereich<\/strong>: Erdend , reinigend , desinfizierend, harmonisierend, aufbauend, sch\u00fctzend, f\u00fcr Tatkraft und Selbstvertrauen.<\/p>\n<p><strong>Herkunftsland<\/strong>: Schweiz , Wallis<\/p>\n<p><strong>Sonstiges<\/strong>: Harz<\/p>\n","protected":false},"featured_media":1249,"template":"","meta":[],"product_brand":[],"product_cat":[44],"product_tag":[87,88],"class_list":{"0":"post-1242","1":"product","2":"type-product","3":"status-publish","4":"has-post-thumbnail","6":"product_cat-weihrauch","7":"product_tag-fichten-harz","8":"product_tag-wildsammlung","10":"first","11":"instock","12":"shipping-taxable","13":"purchasable","14":"product-type-variable","15":"has-default-attributes"},"yoast_head":"<!-- This site is optimized with the Yoast SEO plugin v26.5 - https:\/\/yoast.com\/wordpress\/plugins\/seo\/ -->\n<title>Fichtenharz - Wald - oder Bergfichtenharz | Naturwaren<\/title>\n<meta name=\"robots\" content=\"index, follow, max-snippet:-1, max-image-preview:large, max-video-preview:-1\" \/>\n<link rel=\"canonical\" href=\"https:\/\/www.naturwaren.ch\/?product=fichtenharz-wald-oder-bergfichtenharz\" \/>\n<meta property=\"og:locale\" content=\"de_DE\" \/>\n<meta property=\"og:type\" content=\"article\" \/>\n<meta property=\"og:title\" content=\"Fichtenharz - Wald - oder Bergfichtenharz | Naturwaren\" \/>\n<meta property=\"og:description\" content=\"Fichtenharz-Picea abies  Duft\/Geruch:\u00a0 Intensiv, warm, waldig, moosig.  Wirkungsbereich: Erdend , reinigend , desinfizierend, harmonisierend, aufbauend, sch\u00fctzend, f\u00fcr Tatkraft und Selbstvertrauen.  Herkunftsland: Schweiz , Wallis  Sonstiges: Harz\" \/>\n<meta property=\"og:url\" content=\"https:\/\/www.naturwaren.ch\/?product=fichtenharz-wald-oder-bergfichtenharz\" \/>\n<meta property=\"og:site_name\" content=\"Naturwaren\" \/>\n<meta property=\"article:publisher\" content=\"https:\/\/www.facebook.com\/Naturwarench-470034306341704\/\" \/>\n<meta property=\"article:modified_time\" content=\"2021-03-09T11:52:23+00:00\" \/>\n<meta property=\"og:image\" content=\"https:\/\/www.naturwaren.ch\/wp-content\/uploads\/2021\/03\/2020-02-07-17.32.00-scaled.jpg\" \/>\n\t<meta property=\"og:image:width\" content=\"2560\" \/>\n\t<meta property=\"og:image:height\" content=\"1714\" \/>\n\t<meta property=\"og:image:type\" content=\"image\/jpeg\" \/>\n<meta name=\"twitter:card\" content=\"summary_large_image\" \/>\n<script type=\"application\/ld+json\" class=\"yoast-schema-graph\">{\"@context\":\"https:\/\/schema.org\",\"@graph\":[{\"@type\":\"WebPage\",\"@id\":\"https:\/\/www.naturwaren.ch\/?product=fichtenharz-wald-oder-bergfichtenharz\",\"url\":\"https:\/\/www.naturwaren.ch\/?product=fichtenharz-wald-oder-bergfichtenharz\",\"name\":\"Fichtenharz - Wald - oder Bergfichtenharz | Naturwaren\",\"isPartOf\":{\"@id\":\"https:\/\/www.naturwaren.ch\/#website\"},\"primaryImageOfPage\":{\"@id\":\"https:\/\/www.naturwaren.ch\/?product=fichtenharz-wald-oder-bergfichtenharz#primaryimage\"},\"image\":{\"@id\":\"https:\/\/www.naturwaren.ch\/?product=fichtenharz-wald-oder-bergfichtenharz#primaryimage\"},\"thumbnailUrl\":\"https:\/\/www.naturwaren.ch\/wp-content\/uploads\/2021\/03\/2020-02-07-17.32.00-scaled.jpg\",\"datePublished\":\"2021-03-01T18:40:05+00:00\",\"dateModified\":\"2021-03-09T11:52:23+00:00\",\"breadcrumb\":{\"@id\":\"https:\/\/www.naturwaren.ch\/?product=fichtenharz-wald-oder-bergfichtenharz#breadcrumb\"},\"inLanguage\":\"de\",\"potentialAction\":[{\"@type\":\"ReadAction\",\"target\":[\"https:\/\/www.naturwaren.ch\/?product=fichtenharz-wald-oder-bergfichtenharz\"]}]},{\"@type\":\"ImageObject\",\"inLanguage\":\"de\",\"@id\":\"https:\/\/www.naturwaren.ch\/?product=fichtenharz-wald-oder-bergfichtenharz#primaryimage\",\"url\":\"https:\/\/www.naturwaren.ch\/wp-content\/uploads\/2021\/03\/2020-02-07-17.32.00-scaled.jpg\",\"contentUrl\":\"https:\/\/www.naturwaren.ch\/wp-content\/uploads\/2021\/03\/2020-02-07-17.32.00-scaled.jpg\",\"width\":2560,\"height\":1714},{\"@type\":\"BreadcrumbList\",\"@id\":\"https:\/\/www.naturwaren.ch\/?product=fichtenharz-wald-oder-bergfichtenharz#breadcrumb\",\"itemListElement\":[{\"@type\":\"ListItem\",\"position\":1,\"name\":\"Startseite\",\"item\":\"https:\/\/www.naturwaren.ch\/\"},{\"@type\":\"ListItem\",\"position\":2,\"name\":\"Shop\",\"item\":\"https:\/\/www.naturwaren.ch\/?page_id=4\"},{\"@type\":\"ListItem\",\"position\":3,\"name\":\"Fichtenharz &#8211; Wald &#8211; oder Bergfichtenharz\"}]},{\"@type\":\"WebSite\",\"@id\":\"https:\/\/www.naturwaren.ch\/#website\",\"url\":\"https:\/\/www.naturwaren.ch\/\",\"name\":\"Naturwaren\",\"description\":\"R\u00e4ucherwaren - Ohrenkerzen - Klangschalen\",\"publisher\":{\"@id\":\"https:\/\/www.naturwaren.ch\/#organization\"},\"potentialAction\":[{\"@type\":\"SearchAction\",\"target\":{\"@type\":\"EntryPoint\",\"urlTemplate\":\"https:\/\/www.naturwaren.ch\/?s={search_term_string}\"},\"query-input\":{\"@type\":\"PropertyValueSpecification\",\"valueRequired\":true,\"valueName\":\"search_term_string\"}}],\"inLanguage\":\"de\"},{\"@type\":\"Organization\",\"@id\":\"https:\/\/www.naturwaren.ch\/#organization\",\"name\":\"Naturwaren\",\"url\":\"https:\/\/www.naturwaren.ch\/\",\"logo\":{\"@type\":\"ImageObject\",\"inLanguage\":\"de\",\"@id\":\"https:\/\/www.naturwaren.ch\/#\/schema\/logo\/image\/\",\"url\":\"https:\/\/www.naturwaren.ch\/wp-content\/uploads\/2020\/12\/naturwaren_logo-e1609273799259.png\",\"contentUrl\":\"https:\/\/www.naturwaren.ch\/wp-content\/uploads\/2020\/12\/naturwaren_logo-e1609273799259.png\",\"width\":250,\"height\":56,\"caption\":\"Naturwaren\"},\"image\":{\"@id\":\"https:\/\/www.naturwaren.ch\/#\/schema\/logo\/image\/\"},\"sameAs\":[\"https:\/\/www.facebook.com\/Naturwarench-470034306341704\/\",\"https:\/\/www.instagram.com\/naturwaren.ch\/\"]}]}<\/script>\n<!-- \/ Yoast SEO plugin. -->","yoast_head_json":{"title":"Fichtenharz - Wald - oder Bergfichtenharz | Naturwaren","robots":{"index":"index","follow":"follow","max-snippet":"max-snippet:-1","max-image-preview":"max-image-preview:large","max-video-preview":"max-video-preview:-1"},"canonical":"https:\/\/www.naturwaren.ch\/?product=fichtenharz-wald-oder-bergfichtenharz","og_locale":"de_DE","og_type":"article","og_title":"Fichtenharz - Wald - oder Bergfichtenharz | Naturwaren","og_description":"Fichtenharz-Picea abies  Duft\/Geruch:\u00a0 Intensiv, warm, waldig, moosig.  Wirkungsbereich: Erdend , reinigend , desinfizierend, harmonisierend, aufbauend, sch\u00fctzend, f\u00fcr Tatkraft und Selbstvertrauen.  Herkunftsland: Schweiz , Wallis  Sonstiges: Harz","og_url":"https:\/\/www.naturwaren.ch\/?product=fichtenharz-wald-oder-bergfichtenharz","og_site_name":"Naturwaren","article_publisher":"https:\/\/www.facebook.com\/Naturwarench-470034306341704\/","article_modified_time":"2021-03-09T11:52:23+00:00","og_image":[{"width":2560,"height":1714,"url":"https:\/\/www.naturwaren.ch\/wp-content\/uploads\/2021\/03\/2020-02-07-17.32.00-scaled.jpg","type":"image\/jpeg"}],"twitter_card":"summary_large_image","schema":{"@context":"https:\/\/schema.org","@graph":[{"@type":"WebPage","@id":"https:\/\/www.naturwaren.ch\/?product=fichtenharz-wald-oder-bergfichtenharz","url":"https:\/\/www.naturwaren.ch\/?product=fichtenharz-wald-oder-bergfichtenharz","name":"Fichtenharz - Wald - oder Bergfichtenharz | Naturwaren","isPartOf":{"@id":"https:\/\/www.naturwaren.ch\/#website"},"primaryImageOfPage":{"@id":"https:\/\/www.naturwaren.ch\/?product=fichtenharz-wald-oder-bergfichtenharz#primaryimage"},"image":{"@id":"https:\/\/www.naturwaren.ch\/?product=fichtenharz-wald-oder-bergfichtenharz#primaryimage"},"thumbnailUrl":"https:\/\/www.naturwaren.ch\/wp-content\/uploads\/2021\/03\/2020-02-07-17.32.00-scaled.jpg","datePublished":"2021-03-01T18:40:05+00:00","dateModified":"2021-03-09T11:52:23+00:00","breadcrumb":{"@id":"https:\/\/www.naturwaren.ch\/?product=fichtenharz-wald-oder-bergfichtenharz#breadcrumb"},"inLanguage":"de","potentialAction":[{"@type":"ReadAction","target":["https:\/\/www.naturwaren.ch\/?product=fichtenharz-wald-oder-bergfichtenharz"]}]},{"@type":"ImageObject","inLanguage":"de","@id":"https:\/\/www.naturwaren.ch\/?product=fichtenharz-wald-oder-bergfichtenharz#primaryimage","url":"https:\/\/www.naturwaren.ch\/wp-content\/uploads\/2021\/03\/2020-02-07-17.32.00-scaled.jpg","contentUrl":"https:\/\/www.naturwaren.ch\/wp-content\/uploads\/2021\/03\/2020-02-07-17.32.00-scaled.jpg","width":2560,"height":1714},{"@type":"BreadcrumbList","@id":"https:\/\/www.naturwaren.ch\/?product=fichtenharz-wald-oder-bergfichtenharz#breadcrumb","itemListElement":[{"@type":"ListItem","position":1,"name":"Startseite","item":"https:\/\/www.naturwaren.ch\/"},{"@type":"ListItem","position":2,"name":"Shop","item":"https:\/\/www.naturwaren.ch\/?page_id=4"},{"@type":"ListItem","position":3,"name":"Fichtenharz &#8211; Wald &#8211; oder Bergfichtenharz"}]},{"@type":"WebSite","@id":"https:\/\/www.naturwaren.ch\/#website","url":"https:\/\/www.naturwaren.ch\/","name":"Naturwaren","description":"R\u00e4ucherwaren - Ohrenkerzen - Klangschalen","publisher":{"@id":"https:\/\/www.naturwaren.ch\/#organization"},"potentialAction":[{"@type":"SearchAction","target":{"@type":"EntryPoint","urlTemplate":"https:\/\/www.naturwaren.ch\/?s={search_term_string}"},"query-input":{"@type":"PropertyValueSpecification","valueRequired":true,"valueName":"search_term_string"}}],"inLanguage":"de"},{"@type":"Organization","@id":"https:\/\/www.naturwaren.ch\/#organization","name":"Naturwaren","url":"https:\/\/www.naturwaren.ch\/","logo":{"@type":"ImageObject","inLanguage":"de","@id":"https:\/\/www.naturwaren.ch\/#\/schema\/logo\/image\/","url":"https:\/\/www.naturwaren.ch\/wp-content\/uploads\/2020\/12\/naturwaren_logo-e1609273799259.png","contentUrl":"https:\/\/www.naturwaren.ch\/wp-content\/uploads\/2020\/12\/naturwaren_logo-e1609273799259.png","width":250,"height":56,"caption":"Naturwaren"},"image":{"@id":"https:\/\/www.naturwaren.ch\/#\/schema\/logo\/image\/"},"sameAs":["https:\/\/www.facebook.com\/Naturwarench-470034306341704\/","https:\/\/www.instagram.com\/naturwaren.ch\/"]}]}},"_links":{"self":[{"href":"https:\/\/www.naturwaren.ch\/index.php?rest_route=\/wp\/v2\/product\/1242","targetHints":{"allow":["GET"]}}],"collection":[{"href":"https:\/\/www.naturwaren.ch\/index.php?rest_route=\/wp\/v2\/product"}],"about":[{"href":"https:\/\/www.naturwaren.ch\/index.php?rest_route=\/wp\/v2\/types\/product"}],"wp:featuredmedia":[{"embeddable":true,"href":"https:\/\/www.naturwaren.ch\/index.php?rest_route=\/wp\/v2\/media\/1249"}],"wp:attachment":[{"href":"https:\/\/www.naturwaren.ch\/index.php?rest_route=%2Fwp%2Fv2%2Fmedia&parent=1242"}],"wp:term":[{"taxonomy":"product_brand","embeddable":true,"href":"https:\/\/www.naturwaren.ch\/index.php?rest_route=%2Fwp%2Fv2%2Fproduct_brand&post=1242"},{"taxonomy":"product_cat","embeddable":true,"href":"https:\/\/www.naturwaren.ch\/index.php?rest_route=%2Fwp%2Fv2%2Fproduct_cat&post=1242"},{"taxonomy":"product_tag","embeddable":true,"href":"https:\/\/www.naturwaren.ch\/index.php?rest_route=%2Fwp%2Fv2%2Fproduct_tag&post=1242"}],"curies":[{"name":"wp","href":"https:\/\/api.w.org\/{rel}","templated":true}]}}

<p>Dieses herrlich duftende Wald-Fichtenharz reinigt die Raumluft von störenden und negativen Einflüssen aller Art. Desinfiziert und harmonisiert die Räumliche und zwischenmenschliche Atmosphäre.</p>
<p>Unser wunderbares Waldfichtenharz bekommen wir direkt vom Sammler.</p>
<p>Das naturbelassene Fichtenharz stammt aus Wildsammlung aus dem Wallis von über 1300m Höhe und ist unbehandelt.</p>
<p>&nbsp;</p>
<p>&nbsp;</p>
<p>&nbsp;</p>

<p><strong>Fichtenharz</strong>-Picea abies</p>
<p><strong>Duft/Geruch</strong>:  Intensiv, warm, waldig, moosig.</p>
<p><strong>Wirkungsbereich</strong>: Erdend , reinigend , desinfizierend, harmonisierend, aufbauend, schützend, für Tatkraft und Selbstvertrauen.</p>
<p><strong>Herkunftsland</strong>: Schweiz , Wallis</p>
<p><strong>Sonstiges</strong>: Harz</p>

<!-- This site is optimized with the Yoast SEO plugin v26.5 - https://yoast.com/wordpress/plugins/seo/ -->
<title>Fichtenharz - Wald - oder Bergfichtenharz | Naturwaren</title>
<meta name="robots" content="index, follow, max-snippet:-1, max-image-preview:large, max-video-preview:-1" />
<link rel="canonical" href="https://www.naturwaren.ch/?product=fichtenharz-wald-oder-bergfichtenharz" />
<meta property="og:locale" content="de_DE" />
<meta property="og:type" content="article" />
<meta property="og:title" content="Fichtenharz - Wald - oder Bergfichtenharz | Naturwaren" />
<meta property="og:description" content="Fichtenharz-Picea abies  Duft/Geruch:  Intensiv, warm, waldig, moosig.  Wirkungsbereich: Erdend , reinigend , desinfizierend, harmonisierend, aufbauend, schützend, für Tatkraft und Selbstvertrauen.  Herkunftsland: Schweiz , Wallis  Sonstiges: Harz" />
<meta property="og:url" content="https://www.naturwaren.ch/?product=fichtenharz-wald-oder-bergfichtenharz" />
<meta property="og:site_name" content="Naturwaren" />
<meta property="article:publisher" content="https://www.facebook.com/Naturwarench-470034306341704/" />
<meta property="article:modified_time" content="2021-03-09T11:52:23+00:00" />
<meta property="og:image" content="https://www.naturwaren.ch/wp-content/uploads/2021/03/2020-02-07-17.32.00-scaled.jpg" />
	<meta property="og:image:width" content="2560" />
	<meta property="og:image:height" content="1714" />
	<meta property="og:image:type" content="image/jpeg" />
<meta name="twitter:card" content="summary_large_image" />
<script type="application/ld+json" class="yoast-schema-graph">{"@context":"https://schema.org","@graph":[{"@type":"WebPage","@id":"https://www.naturwaren.ch/?product=fichtenharz-wald-oder-bergfichtenharz","url":"https://www.naturwaren.ch/?product=fichtenharz-wald-oder-bergfichtenharz","name":"Fichtenharz - Wald - oder Bergfichtenharz | Naturwaren","isPartOf":{"@id":"https://www.naturwaren.ch/#website"},"primaryImageOfPage":{"@id":"https://www.naturwaren.ch/?product=fichtenharz-wald-oder-bergfichtenharz#primaryimage"},"image":{"@id":"https://www.naturwaren.ch/?product=fichtenharz-wald-oder-bergfichtenharz#primaryimage"},"thumbnailUrl":"https://www.naturwaren.ch/wp-content/uploads/2021/03/2020-02-07-17.32.00-scaled.jpg","datePublished":"2021-03-01T18:40:05+00:00","dateModified":"2021-03-09T11:52:23+00:00","breadcrumb":{"@id":"https://www.naturwaren.ch/?product=fichtenharz-wald-oder-bergfichtenharz#breadcrumb"},"inLanguage":"de","potentialAction":[{"@type":"ReadAction","target":["https://www.naturwaren.ch/?product=fichtenharz-wald-oder-bergfichtenharz"]}]},{"@type":"ImageObject","inLanguage":"de","@id":"https://www.naturwaren.ch/?product=fichtenharz-wald-oder-bergfichtenharz#primaryimage","url":"https://www.naturwaren.ch/wp-content/uploads/2021/03/2020-02-07-17.32.00-scaled.jpg","contentUrl":"https://www.naturwaren.ch/wp-content/uploads/2021/03/2020-02-07-17.32.00-scaled.jpg","width":2560,"height":1714},{"@type":"BreadcrumbList","@id":"https://www.naturwaren.ch/?product=fichtenharz-wald-oder-bergfichtenharz#breadcrumb","itemListElement":[{"@type":"ListItem","position":1,"name":"Startseite","item":"https://www.naturwaren.ch/"},{"@type":"ListItem","position":2,"name":"Shop","item":"https://www.naturwaren.ch/?page_id=4"},{"@type":"ListItem","position":3,"name":"Fichtenharz &#8211; Wald &#8211; oder Bergfichtenharz"}]},{"@type":"WebSite","@id":"https://www.naturwaren.ch/#website","url":"https://www.naturwaren.ch/","name":"Naturwaren","description":"Räucherwaren - Ohrenkerzen - Klangschalen","publisher":{"@id":"https://www.naturwaren.ch/#organization"},"potentialAction":[{"@type":"SearchAction","target":{"@type":"EntryPoint","urlTemplate":"https://www.naturwaren.ch/?s={search_term_string}"},"query-input":{"@type":"PropertyValueSpecification","valueRequired":true,"valueName":"search_term_string"}}],"inLanguage":"de"},{"@type":"Organization","@id":"https://www.naturwaren.ch/#organization","name":"Naturwaren","url":"https://www.naturwaren.ch/","logo":{"@type":"ImageObject","inLanguage":"de","@id":"https://www.naturwaren.ch/#/schema/logo/image/","url":"https://www.naturwaren.ch/wp-content/uploads/2020/12/naturwaren_logo-e1609273799259.png","contentUrl":"https://www.naturwaren.ch/wp-content/uploads/2020/12/naturwaren_logo-e1609273799259.png","width":250,"height":56,"caption":"Naturwaren"},"image":{"@id":"https://www.naturwaren.ch/#/schema/logo/image/"},"sameAs":["https://www.facebook.com/Naturwarench-470034306341704/","https://www.instagram.com/naturwaren.ch/"]}]}</script>
<!-- / Yoast SEO plugin. -->

Fichtenharz-Picea abies  Duft/Geruch:  Intensiv, warm, waldig, moosig.  Wirkungsbereich: Erdend , reinigend , desinfizierend, harmonisierend, aufbauend, schützend, für Tatkraft und Selbstvertrauen.  Herkunftsland: Schweiz , Wallis  Sonstiges: Harz

Räucherwaren - Ohrenkerzen - Klangschalen
