{"id":1734,"date":"2026-02-28T13:48:22","date_gmt":"2026-02-28T13:48:22","guid":{"rendered":"https:\/\/www.naturwaren.ch\/?post_type=product&#038;p=1734"},"modified":"2026-02-28T13:50:14","modified_gmt":"2026-02-28T13:50:14","slug":"raeucherstoevchen-speckstein-halterung-schwert-grau","status":"publish","type":"product","link":"https:\/\/www.naturwaren.ch\/?product=raeucherstoevchen-speckstein-halterung-schwert-grau","title":{"rendered":"R\u00e4ucherst\u00f6vchen Speckstein \/ Halterung Schwert grau"},"content":{"rendered":"<div style=\"color: black; font-family: Verdana, Arial, Helvetica, sans-serif; font-size: 11px; background-image: initial; background-attachment: initial; background-color: white; text-align: left; width: 556px; padding: 0px; margin: 9px 6px 9px 6px;\">\n<p style=\"font-weight: inherit; font-style: inherit; font-size: 11px; font-family: inherit; vertical-align: baseline; padding: 0px; border: 0px initial initial; margin: 0.5em 0px 0.5em 0px;\">Speckstein ist ein Naturprodukt. Alle St\u00f6vchen unterscheiden sich in Gr\u00f6sse und Form und Gewicht! Das Bild zeigt eine Beispielabbildung.<\/p>\n<p style=\"font-weight: inherit; font-style: inherit; font-size: 11px; font-family: inherit; vertical-align: baseline; padding: 0px; border: 0px initial initial; margin: 0.5em 0px 0.5em 0px;\">Die R\u00e4ucherstation ist h\u00f6henverstellbar und wird mit Sieb f\u00fcr das R\u00e4uchern und mit Schale f\u00fcr das Verdampfen geliefert.<\/p>\n<\/div>\n","protected":false},"excerpt":{"rendered":"<p>Die R\u00e4ucherstation ist h\u00f6henverstellbar und wird mit Sieb f\u00fcr das R\u00e4uchern und mit Schale f\u00fcr das Verdampfen geliefert.<\/p>\n","protected":false},"featured_media":1735,"template":"","meta":[],"product_brand":[],"product_cat":[45],"product_tag":[],"class_list":{"0":"post-1734","1":"product","2":"type-product","3":"status-publish","4":"has-post-thumbnail","6":"product_cat-raucherstoevchen","8":"first","9":"instock","10":"shipping-taxable","11":"purchasable","12":"product-type-simple"},"yoast_head":"<!-- This site is optimized with the Yoast SEO plugin v26.5 - https:\/\/yoast.com\/wordpress\/plugins\/seo\/ -->\n<title>R\u00e4ucherst\u00f6vchen Speckstein \/ Halterung Schwert grau | Naturwaren<\/title>\n<meta name=\"robots\" content=\"index, follow, max-snippet:-1, max-image-preview:large, max-video-preview:-1\" \/>\n<link rel=\"canonical\" href=\"https:\/\/www.naturwaren.ch\/?product=raeucherstoevchen-speckstein-halterung-schwert-grau\" \/>\n<meta property=\"og:locale\" content=\"de_DE\" \/>\n<meta property=\"og:type\" content=\"article\" \/>\n<meta property=\"og:title\" content=\"R\u00e4ucherst\u00f6vchen Speckstein \/ Halterung Schwert grau | Naturwaren\" \/>\n<meta property=\"og:description\" content=\"Die R\u00e4ucherstation ist h\u00f6henverstellbar und wird mit Sieb f\u00fcr das R\u00e4uchern und mit Schale f\u00fcr das Verdampfen geliefert.\" \/>\n<meta property=\"og:url\" content=\"https:\/\/www.naturwaren.ch\/?product=raeucherstoevchen-speckstein-halterung-schwert-grau\" \/>\n<meta property=\"og:site_name\" content=\"Naturwaren\" \/>\n<meta property=\"article:publisher\" content=\"https:\/\/www.facebook.com\/Naturwarench-470034306341704\/\" \/>\n<meta property=\"article:modified_time\" content=\"2026-02-28T13:50:14+00:00\" \/>\n<meta property=\"og:image\" content=\"https:\/\/www.naturwaren.ch\/wp-content\/uploads\/2026\/02\/PXL_20260202_142010408.jpg\" \/>\n\t<meta property=\"og:image:width\" content=\"1536\" \/>\n\t<meta property=\"og:image:height\" content=\"2040\" \/>\n\t<meta property=\"og:image:type\" content=\"image\/jpeg\" \/>\n<meta name=\"twitter:card\" content=\"summary_large_image\" \/>\n<script type=\"application\/ld+json\" class=\"yoast-schema-graph\">{\"@context\":\"https:\/\/schema.org\",\"@graph\":[{\"@type\":\"WebPage\",\"@id\":\"https:\/\/www.naturwaren.ch\/?product=raeucherstoevchen-speckstein-halterung-schwert-grau\",\"url\":\"https:\/\/www.naturwaren.ch\/?product=raeucherstoevchen-speckstein-halterung-schwert-grau\",\"name\":\"R\u00e4ucherst\u00f6vchen Speckstein \/ Halterung Schwert grau | Naturwaren\",\"isPartOf\":{\"@id\":\"https:\/\/www.naturwaren.ch\/#website\"},\"primaryImageOfPage\":{\"@id\":\"https:\/\/www.naturwaren.ch\/?product=raeucherstoevchen-speckstein-halterung-schwert-grau#primaryimage\"},\"image\":{\"@id\":\"https:\/\/www.naturwaren.ch\/?product=raeucherstoevchen-speckstein-halterung-schwert-grau#primaryimage\"},\"thumbnailUrl\":\"https:\/\/www.naturwaren.ch\/wp-content\/uploads\/2026\/02\/PXL_20260202_142010408.jpg\",\"datePublished\":\"2026-02-28T13:48:22+00:00\",\"dateModified\":\"2026-02-28T13:50:14+00:00\",\"breadcrumb\":{\"@id\":\"https:\/\/www.naturwaren.ch\/?product=raeucherstoevchen-speckstein-halterung-schwert-grau#breadcrumb\"},\"inLanguage\":\"de\",\"potentialAction\":[{\"@type\":\"ReadAction\",\"target\":[\"https:\/\/www.naturwaren.ch\/?product=raeucherstoevchen-speckstein-halterung-schwert-grau\"]}]},{\"@type\":\"ImageObject\",\"inLanguage\":\"de\",\"@id\":\"https:\/\/www.naturwaren.ch\/?product=raeucherstoevchen-speckstein-halterung-schwert-grau#primaryimage\",\"url\":\"https:\/\/www.naturwaren.ch\/wp-content\/uploads\/2026\/02\/PXL_20260202_142010408.jpg\",\"contentUrl\":\"https:\/\/www.naturwaren.ch\/wp-content\/uploads\/2026\/02\/PXL_20260202_142010408.jpg\",\"width\":1536,\"height\":2040},{\"@type\":\"BreadcrumbList\",\"@id\":\"https:\/\/www.naturwaren.ch\/?product=raeucherstoevchen-speckstein-halterung-schwert-grau#breadcrumb\",\"itemListElement\":[{\"@type\":\"ListItem\",\"position\":1,\"name\":\"Startseite\",\"item\":\"https:\/\/www.naturwaren.ch\/\"},{\"@type\":\"ListItem\",\"position\":2,\"name\":\"Shop\",\"item\":\"https:\/\/www.naturwaren.ch\/?page_id=4\"},{\"@type\":\"ListItem\",\"position\":3,\"name\":\"R\u00e4ucherst\u00f6vchen Speckstein \/ Halterung Schwert grau\"}]},{\"@type\":\"WebSite\",\"@id\":\"https:\/\/www.naturwaren.ch\/#website\",\"url\":\"https:\/\/www.naturwaren.ch\/\",\"name\":\"Naturwaren\",\"description\":\"R\u00e4ucherwaren - Ohrenkerzen - Klangschalen\",\"publisher\":{\"@id\":\"https:\/\/www.naturwaren.ch\/#organization\"},\"potentialAction\":[{\"@type\":\"SearchAction\",\"target\":{\"@type\":\"EntryPoint\",\"urlTemplate\":\"https:\/\/www.naturwaren.ch\/?s={search_term_string}\"},\"query-input\":{\"@type\":\"PropertyValueSpecification\",\"valueRequired\":true,\"valueName\":\"search_term_string\"}}],\"inLanguage\":\"de\"},{\"@type\":\"Organization\",\"@id\":\"https:\/\/www.naturwaren.ch\/#organization\",\"name\":\"Naturwaren\",\"url\":\"https:\/\/www.naturwaren.ch\/\",\"logo\":{\"@type\":\"ImageObject\",\"inLanguage\":\"de\",\"@id\":\"https:\/\/www.naturwaren.ch\/#\/schema\/logo\/image\/\",\"url\":\"https:\/\/www.naturwaren.ch\/wp-content\/uploads\/2020\/12\/naturwaren_logo-e1609273799259.png\",\"contentUrl\":\"https:\/\/www.naturwaren.ch\/wp-content\/uploads\/2020\/12\/naturwaren_logo-e1609273799259.png\",\"width\":250,\"height\":56,\"caption\":\"Naturwaren\"},\"image\":{\"@id\":\"https:\/\/www.naturwaren.ch\/#\/schema\/logo\/image\/\"},\"sameAs\":[\"https:\/\/www.facebook.com\/Naturwarench-470034306341704\/\",\"https:\/\/www.instagram.com\/naturwaren.ch\/\"]}]}<\/script>\n<!-- \/ Yoast SEO plugin. -->","yoast_head_json":{"title":"R\u00e4ucherst\u00f6vchen Speckstein \/ Halterung Schwert grau | Naturwaren","robots":{"index":"index","follow":"follow","max-snippet":"max-snippet:-1","max-image-preview":"max-image-preview:large","max-video-preview":"max-video-preview:-1"},"canonical":"https:\/\/www.naturwaren.ch\/?product=raeucherstoevchen-speckstein-halterung-schwert-grau","og_locale":"de_DE","og_type":"article","og_title":"R\u00e4ucherst\u00f6vchen Speckstein \/ Halterung Schwert grau | Naturwaren","og_description":"Die R\u00e4ucherstation ist h\u00f6henverstellbar und wird mit Sieb f\u00fcr das R\u00e4uchern und mit Schale f\u00fcr das Verdampfen geliefert.","og_url":"https:\/\/www.naturwaren.ch\/?product=raeucherstoevchen-speckstein-halterung-schwert-grau","og_site_name":"Naturwaren","article_publisher":"https:\/\/www.facebook.com\/Naturwarench-470034306341704\/","article_modified_time":"2026-02-28T13:50:14+00:00","og_image":[{"width":1536,"height":2040,"url":"https:\/\/www.naturwaren.ch\/wp-content\/uploads\/2026\/02\/PXL_20260202_142010408.jpg","type":"image\/jpeg"}],"twitter_card":"summary_large_image","schema":{"@context":"https:\/\/schema.org","@graph":[{"@type":"WebPage","@id":"https:\/\/www.naturwaren.ch\/?product=raeucherstoevchen-speckstein-halterung-schwert-grau","url":"https:\/\/www.naturwaren.ch\/?product=raeucherstoevchen-speckstein-halterung-schwert-grau","name":"R\u00e4ucherst\u00f6vchen Speckstein \/ Halterung Schwert grau | Naturwaren","isPartOf":{"@id":"https:\/\/www.naturwaren.ch\/#website"},"primaryImageOfPage":{"@id":"https:\/\/www.naturwaren.ch\/?product=raeucherstoevchen-speckstein-halterung-schwert-grau#primaryimage"},"image":{"@id":"https:\/\/www.naturwaren.ch\/?product=raeucherstoevchen-speckstein-halterung-schwert-grau#primaryimage"},"thumbnailUrl":"https:\/\/www.naturwaren.ch\/wp-content\/uploads\/2026\/02\/PXL_20260202_142010408.jpg","datePublished":"2026-02-28T13:48:22+00:00","dateModified":"2026-02-28T13:50:14+00:00","breadcrumb":{"@id":"https:\/\/www.naturwaren.ch\/?product=raeucherstoevchen-speckstein-halterung-schwert-grau#breadcrumb"},"inLanguage":"de","potentialAction":[{"@type":"ReadAction","target":["https:\/\/www.naturwaren.ch\/?product=raeucherstoevchen-speckstein-halterung-schwert-grau"]}]},{"@type":"ImageObject","inLanguage":"de","@id":"https:\/\/www.naturwaren.ch\/?product=raeucherstoevchen-speckstein-halterung-schwert-grau#primaryimage","url":"https:\/\/www.naturwaren.ch\/wp-content\/uploads\/2026\/02\/PXL_20260202_142010408.jpg","contentUrl":"https:\/\/www.naturwaren.ch\/wp-content\/uploads\/2026\/02\/PXL_20260202_142010408.jpg","width":1536,"height":2040},{"@type":"BreadcrumbList","@id":"https:\/\/www.naturwaren.ch\/?product=raeucherstoevchen-speckstein-halterung-schwert-grau#breadcrumb","itemListElement":[{"@type":"ListItem","position":1,"name":"Startseite","item":"https:\/\/www.naturwaren.ch\/"},{"@type":"ListItem","position":2,"name":"Shop","item":"https:\/\/www.naturwaren.ch\/?page_id=4"},{"@type":"ListItem","position":3,"name":"R\u00e4ucherst\u00f6vchen Speckstein \/ Halterung Schwert grau"}]},{"@type":"WebSite","@id":"https:\/\/www.naturwaren.ch\/#website","url":"https:\/\/www.naturwaren.ch\/","name":"Naturwaren","description":"R\u00e4ucherwaren - Ohrenkerzen - Klangschalen","publisher":{"@id":"https:\/\/www.naturwaren.ch\/#organization"},"potentialAction":[{"@type":"SearchAction","target":{"@type":"EntryPoint","urlTemplate":"https:\/\/www.naturwaren.ch\/?s={search_term_string}"},"query-input":{"@type":"PropertyValueSpecification","valueRequired":true,"valueName":"search_term_string"}}],"inLanguage":"de"},{"@type":"Organization","@id":"https:\/\/www.naturwaren.ch\/#organization","name":"Naturwaren","url":"https:\/\/www.naturwaren.ch\/","logo":{"@type":"ImageObject","inLanguage":"de","@id":"https:\/\/www.naturwaren.ch\/#\/schema\/logo\/image\/","url":"https:\/\/www.naturwaren.ch\/wp-content\/uploads\/2020\/12\/naturwaren_logo-e1609273799259.png","contentUrl":"https:\/\/www.naturwaren.ch\/wp-content\/uploads\/2020\/12\/naturwaren_logo-e1609273799259.png","width":250,"height":56,"caption":"Naturwaren"},"image":{"@id":"https:\/\/www.naturwaren.ch\/#\/schema\/logo\/image\/"},"sameAs":["https:\/\/www.facebook.com\/Naturwarench-470034306341704\/","https:\/\/www.instagram.com\/naturwaren.ch\/"]}]}},"_links":{"self":[{"href":"https:\/\/www.naturwaren.ch\/index.php?rest_route=\/wp\/v2\/product\/1734","targetHints":{"allow":["GET"]}}],"collection":[{"href":"https:\/\/www.naturwaren.ch\/index.php?rest_route=\/wp\/v2\/product"}],"about":[{"href":"https:\/\/www.naturwaren.ch\/index.php?rest_route=\/wp\/v2\/types\/product"}],"wp:featuredmedia":[{"embeddable":true,"href":"https:\/\/www.naturwaren.ch\/index.php?rest_route=\/wp\/v2\/media\/1735"}],"wp:attachment":[{"href":"https:\/\/www.naturwaren.ch\/index.php?rest_route=%2Fwp%2Fv2%2Fmedia&parent=1734"}],"wp:term":[{"taxonomy":"product_brand","embeddable":true,"href":"https:\/\/www.naturwaren.ch\/index.php?rest_route=%2Fwp%2Fv2%2Fproduct_brand&post=1734"},{"taxonomy":"product_cat","embeddable":true,"href":"https:\/\/www.naturwaren.ch\/index.php?rest_route=%2Fwp%2Fv2%2Fproduct_cat&post=1734"},{"taxonomy":"product_tag","embeddable":true,"href":"https:\/\/www.naturwaren.ch\/index.php?rest_route=%2Fwp%2Fv2%2Fproduct_tag&post=1734"}],"curies":[{"name":"wp","href":"https:\/\/api.w.org\/{rel}","templated":true}]}}

Räucherstövchen Speckstein / Halterung Schwert grau

<div style="color: black; font-family: Verdana, Arial, Helvetica, sans-serif; font-size: 11px; background-image: initial; background-attachment: initial; background-color: white; text-align: left; width: 556px; padding: 0px; margin: 9px 6px 9px 6px;">
<p style="font-weight: inherit; font-style: inherit; font-size: 11px; font-family: inherit; vertical-align: baseline; padding: 0px; border: 0px initial initial; margin: 0.5em 0px 0.5em 0px;">Speckstein ist ein Naturprodukt. Alle Stövchen unterscheiden sich in Grösse und Form und Gewicht! Das Bild zeigt eine Beispielabbildung.</p>
<p style="font-weight: inherit; font-style: inherit; font-size: 11px; font-family: inherit; vertical-align: baseline; padding: 0px; border: 0px initial initial; margin: 0.5em 0px 0.5em 0px;">Die Räucherstation ist höhenverstellbar und wird mit Sieb für das Räuchern und mit Schale für das Verdampfen geliefert.</p>
</div>

<p>Die Räucherstation ist höhenverstellbar und wird mit Sieb für das Räuchern und mit Schale für das Verdampfen geliefert.</p>

<!-- This site is optimized with the Yoast SEO plugin v26.5 - https://yoast.com/wordpress/plugins/seo/ -->
<title>Räucherstövchen Speckstein / Halterung Schwert grau | Naturwaren</title>
<meta name="robots" content="index, follow, max-snippet:-1, max-image-preview:large, max-video-preview:-1" />
<link rel="canonical" href="https://www.naturwaren.ch/?product=raeucherstoevchen-speckstein-halterung-schwert-grau" />
<meta property="og:locale" content="de_DE" />
<meta property="og:type" content="article" />
<meta property="og:title" content="Räucherstövchen Speckstein / Halterung Schwert grau | Naturwaren" />
<meta property="og:description" content="Die Räucherstation ist höhenverstellbar und wird mit Sieb für das Räuchern und mit Schale für das Verdampfen geliefert." />
<meta property="og:url" content="https://www.naturwaren.ch/?product=raeucherstoevchen-speckstein-halterung-schwert-grau" />
<meta property="og:site_name" content="Naturwaren" />
<meta property="article:publisher" content="https://www.facebook.com/Naturwarench-470034306341704/" />
<meta property="article:modified_time" content="2026-02-28T13:50:14+00:00" />
<meta property="og:image" content="https://www.naturwaren.ch/wp-content/uploads/2026/02/PXL_20260202_142010408.jpg" />
	<meta property="og:image:width" content="1536" />
	<meta property="og:image:height" content="2040" />
	<meta property="og:image:type" content="image/jpeg" />
<meta name="twitter:card" content="summary_large_image" />
<script type="application/ld+json" class="yoast-schema-graph">{"@context":"https://schema.org","@graph":[{"@type":"WebPage","@id":"https://www.naturwaren.ch/?product=raeucherstoevchen-speckstein-halterung-schwert-grau","url":"https://www.naturwaren.ch/?product=raeucherstoevchen-speckstein-halterung-schwert-grau","name":"Räucherstövchen Speckstein / Halterung Schwert grau | Naturwaren","isPartOf":{"@id":"https://www.naturwaren.ch/#website"},"primaryImageOfPage":{"@id":"https://www.naturwaren.ch/?product=raeucherstoevchen-speckstein-halterung-schwert-grau#primaryimage"},"image":{"@id":"https://www.naturwaren.ch/?product=raeucherstoevchen-speckstein-halterung-schwert-grau#primaryimage"},"thumbnailUrl":"https://www.naturwaren.ch/wp-content/uploads/2026/02/PXL_20260202_142010408.jpg","datePublished":"2026-02-28T13:48:22+00:00","dateModified":"2026-02-28T13:50:14+00:00","breadcrumb":{"@id":"https://www.naturwaren.ch/?product=raeucherstoevchen-speckstein-halterung-schwert-grau#breadcrumb"},"inLanguage":"de","potentialAction":[{"@type":"ReadAction","target":["https://www.naturwaren.ch/?product=raeucherstoevchen-speckstein-halterung-schwert-grau"]}]},{"@type":"ImageObject","inLanguage":"de","@id":"https://www.naturwaren.ch/?product=raeucherstoevchen-speckstein-halterung-schwert-grau#primaryimage","url":"https://www.naturwaren.ch/wp-content/uploads/2026/02/PXL_20260202_142010408.jpg","contentUrl":"https://www.naturwaren.ch/wp-content/uploads/2026/02/PXL_20260202_142010408.jpg","width":1536,"height":2040},{"@type":"BreadcrumbList","@id":"https://www.naturwaren.ch/?product=raeucherstoevchen-speckstein-halterung-schwert-grau#breadcrumb","itemListElement":[{"@type":"ListItem","position":1,"name":"Startseite","item":"https://www.naturwaren.ch/"},{"@type":"ListItem","position":2,"name":"Shop","item":"https://www.naturwaren.ch/?page_id=4"},{"@type":"ListItem","position":3,"name":"Räucherstövchen Speckstein / Halterung Schwert grau"}]},{"@type":"WebSite","@id":"https://www.naturwaren.ch/#website","url":"https://www.naturwaren.ch/","name":"Naturwaren","description":"Räucherwaren - Ohrenkerzen - Klangschalen","publisher":{"@id":"https://www.naturwaren.ch/#organization"},"potentialAction":[{"@type":"SearchAction","target":{"@type":"EntryPoint","urlTemplate":"https://www.naturwaren.ch/?s={search_term_string}"},"query-input":{"@type":"PropertyValueSpecification","valueRequired":true,"valueName":"search_term_string"}}],"inLanguage":"de"},{"@type":"Organization","@id":"https://www.naturwaren.ch/#organization","name":"Naturwaren","url":"https://www.naturwaren.ch/","logo":{"@type":"ImageObject","inLanguage":"de","@id":"https://www.naturwaren.ch/#/schema/logo/image/","url":"https://www.naturwaren.ch/wp-content/uploads/2020/12/naturwaren_logo-e1609273799259.png","contentUrl":"https://www.naturwaren.ch/wp-content/uploads/2020/12/naturwaren_logo-e1609273799259.png","width":250,"height":56,"caption":"Naturwaren"},"image":{"@id":"https://www.naturwaren.ch/#/schema/logo/image/"},"sameAs":["https://www.facebook.com/Naturwarench-470034306341704/","https://www.instagram.com/naturwaren.ch/"]}]}</script>
<!-- / Yoast SEO plugin. -->

Räucherstövchen Speckstein / Halterung Schwert grau | Naturwaren

Die Räucherstation ist höhenverstellbar und wird mit Sieb für das Räuchern und mit Schale für das Verdampfen geliefert.

Räucherwaren - Ohrenkerzen - Klangschalen
