{"id":885,"date":"2010-10-17T22:22:46","date_gmt":"2010-10-17T22:22:46","guid":{"rendered":"https:\/\/bibrich.ch\/newshop\/?product=elemi"},"modified":"2021-02-13T18:44:49","modified_gmt":"2021-02-13T18:44:49","slug":"elemi","status":"publish","type":"product","link":"https:\/\/www.naturwaren.ch\/?product=elemi","title":{"rendered":"Elemi"},"content":{"rendered":"<p>Dem Elemi Harz werden energetisierende, kl\u00e4rende Eigenschaften\u00a0zugesprochen, welche aktivierend auf Chakren und Geist einwirken. Der frische, waldige Duft von Elemi erinnert ein wenig an\u00a0Weihrauch und wird gerne f\u00fcr Meditation und bei Reinigungsritualen verwendet. Der Duft von Elemi stimmt zuversichtlich und eignet sich auch wunderbar f\u00fcr einen Neuanfang.<\/p>\n","protected":false},"excerpt":{"rendered":"<p><strong>Elemi <\/strong>&#8211; Canarium luzonicum gray<\/p>\n<p><strong>Duft\/Geruch<\/strong>: Zitrusartig, waldig, mastix-\u00e4hnlich; mit einem Hauch von Fenchel, Weihrauch und Gras.<\/p>\n<p><strong>Wirkungsbereich<\/strong>: Kl\u00e4rend, erfrischt, inspiriert, sch\u00e4rft die Sinne; reinigend und stimmungsaufhellend;\u00a0\u00a0\u00a0\u00a0 \u00a0Gibt neue Impulse, regt geistige F\u00e4higkeiten an;\u00a0\u00a0 \u201eAufbruch zu neuen Ufern\u201c.<\/p>\n<p><strong>Herkunftsland<\/strong>: Indonesien<\/p>\n<p><strong>Sonstiges<\/strong>: Harz; wird beim R\u00e4uchern klebrig-fl\u00fcssig.<\/p>\n<p>&nbsp;<\/p>\n<p>&nbsp;<\/p>\n","protected":false},"featured_media":1180,"template":"","meta":[],"product_brand":[],"product_cat":[44],"product_tag":[55,47],"class_list":{"0":"post-885","1":"product","2":"type-product","3":"status-publish","4":"has-post-thumbnail","6":"product_cat-weihrauch","7":"product_tag-elemi","8":"product_tag-weihrauch","10":"first","11":"instock","12":"shipping-taxable","13":"purchasable","14":"product-type-variable","15":"has-default-attributes"},"yoast_head":"<!-- This site is optimized with the Yoast SEO plugin v26.5 - https:\/\/yoast.com\/wordpress\/plugins\/seo\/ -->\n<title>Elemi | Naturwaren<\/title>\n<meta name=\"robots\" content=\"index, follow, max-snippet:-1, max-image-preview:large, max-video-preview:-1\" \/>\n<link rel=\"canonical\" href=\"https:\/\/www.naturwaren.ch\/?product=elemi\" \/>\n<meta property=\"og:locale\" content=\"de_DE\" \/>\n<meta property=\"og:type\" content=\"article\" \/>\n<meta property=\"og:title\" content=\"Elemi | Naturwaren\" \/>\n<meta property=\"og:description\" content=\"Elemi - Canarium luzonicum gray  Duft\/Geruch: Zitrusartig, waldig, mastix-\u00e4hnlich; mit einem Hauch von Fenchel, Weihrauch und Gras.  Wirkungsbereich: Kl\u00e4rend, erfrischt, inspiriert, sch\u00e4rft die Sinne; reinigend und stimmungsaufhellend;\u00a0\u00a0\u00a0\u00a0 \u00a0Gibt neue Impulse, regt geistige F\u00e4higkeiten an;\u00a0\u00a0 \u201eAufbruch zu neuen Ufern\u201c.  Herkunftsland: Indonesien  Sonstiges: Harz; wird beim R\u00e4uchern klebrig-fl\u00fcssig.  &nbsp;  &nbsp;\" \/>\n<meta property=\"og:url\" content=\"https:\/\/www.naturwaren.ch\/?product=elemi\" \/>\n<meta property=\"og:site_name\" content=\"Naturwaren\" \/>\n<meta property=\"article:publisher\" content=\"https:\/\/www.facebook.com\/Naturwarench-470034306341704\/\" \/>\n<meta property=\"article:modified_time\" content=\"2021-02-13T18:44:49+00:00\" \/>\n<meta property=\"og:image\" content=\"https:\/\/www.naturwaren.ch\/wp-content\/uploads\/2010\/10\/elemi-scaled.jpg\" \/>\n\t<meta property=\"og:image:width\" content=\"2560\" \/>\n\t<meta property=\"og:image:height\" content=\"1714\" \/>\n\t<meta property=\"og:image:type\" content=\"image\/jpeg\" \/>\n<meta name=\"twitter:card\" content=\"summary_large_image\" \/>\n<script type=\"application\/ld+json\" class=\"yoast-schema-graph\">{\"@context\":\"https:\/\/schema.org\",\"@graph\":[{\"@type\":\"WebPage\",\"@id\":\"https:\/\/www.naturwaren.ch\/?product=elemi\",\"url\":\"https:\/\/www.naturwaren.ch\/?product=elemi\",\"name\":\"Elemi | Naturwaren\",\"isPartOf\":{\"@id\":\"https:\/\/www.naturwaren.ch\/#website\"},\"primaryImageOfPage\":{\"@id\":\"https:\/\/www.naturwaren.ch\/?product=elemi#primaryimage\"},\"image\":{\"@id\":\"https:\/\/www.naturwaren.ch\/?product=elemi#primaryimage\"},\"thumbnailUrl\":\"https:\/\/www.naturwaren.ch\/wp-content\/uploads\/2010\/10\/elemi-scaled.jpg\",\"datePublished\":\"2010-10-17T22:22:46+00:00\",\"dateModified\":\"2021-02-13T18:44:49+00:00\",\"breadcrumb\":{\"@id\":\"https:\/\/www.naturwaren.ch\/?product=elemi#breadcrumb\"},\"inLanguage\":\"de\",\"potentialAction\":[{\"@type\":\"ReadAction\",\"target\":[\"https:\/\/www.naturwaren.ch\/?product=elemi\"]}]},{\"@type\":\"ImageObject\",\"inLanguage\":\"de\",\"@id\":\"https:\/\/www.naturwaren.ch\/?product=elemi#primaryimage\",\"url\":\"https:\/\/www.naturwaren.ch\/wp-content\/uploads\/2010\/10\/elemi-scaled.jpg\",\"contentUrl\":\"https:\/\/www.naturwaren.ch\/wp-content\/uploads\/2010\/10\/elemi-scaled.jpg\",\"width\":2560,\"height\":1714},{\"@type\":\"BreadcrumbList\",\"@id\":\"https:\/\/www.naturwaren.ch\/?product=elemi#breadcrumb\",\"itemListElement\":[{\"@type\":\"ListItem\",\"position\":1,\"name\":\"Startseite\",\"item\":\"https:\/\/www.naturwaren.ch\/\"},{\"@type\":\"ListItem\",\"position\":2,\"name\":\"Shop\",\"item\":\"https:\/\/www.naturwaren.ch\/?page_id=4\"},{\"@type\":\"ListItem\",\"position\":3,\"name\":\"Elemi\"}]},{\"@type\":\"WebSite\",\"@id\":\"https:\/\/www.naturwaren.ch\/#website\",\"url\":\"https:\/\/www.naturwaren.ch\/\",\"name\":\"Naturwaren\",\"description\":\"R\u00e4ucherwaren - Ohrenkerzen - Klangschalen\",\"publisher\":{\"@id\":\"https:\/\/www.naturwaren.ch\/#organization\"},\"potentialAction\":[{\"@type\":\"SearchAction\",\"target\":{\"@type\":\"EntryPoint\",\"urlTemplate\":\"https:\/\/www.naturwaren.ch\/?s={search_term_string}\"},\"query-input\":{\"@type\":\"PropertyValueSpecification\",\"valueRequired\":true,\"valueName\":\"search_term_string\"}}],\"inLanguage\":\"de\"},{\"@type\":\"Organization\",\"@id\":\"https:\/\/www.naturwaren.ch\/#organization\",\"name\":\"Naturwaren\",\"url\":\"https:\/\/www.naturwaren.ch\/\",\"logo\":{\"@type\":\"ImageObject\",\"inLanguage\":\"de\",\"@id\":\"https:\/\/www.naturwaren.ch\/#\/schema\/logo\/image\/\",\"url\":\"https:\/\/www.naturwaren.ch\/wp-content\/uploads\/2020\/12\/naturwaren_logo-e1609273799259.png\",\"contentUrl\":\"https:\/\/www.naturwaren.ch\/wp-content\/uploads\/2020\/12\/naturwaren_logo-e1609273799259.png\",\"width\":250,\"height\":56,\"caption\":\"Naturwaren\"},\"image\":{\"@id\":\"https:\/\/www.naturwaren.ch\/#\/schema\/logo\/image\/\"},\"sameAs\":[\"https:\/\/www.facebook.com\/Naturwarench-470034306341704\/\",\"https:\/\/www.instagram.com\/naturwaren.ch\/\"]}]}<\/script>\n<!-- \/ Yoast SEO plugin. -->","yoast_head_json":{"title":"Elemi | Naturwaren","robots":{"index":"index","follow":"follow","max-snippet":"max-snippet:-1","max-image-preview":"max-image-preview:large","max-video-preview":"max-video-preview:-1"},"canonical":"https:\/\/www.naturwaren.ch\/?product=elemi","og_locale":"de_DE","og_type":"article","og_title":"Elemi | Naturwaren","og_description":"Elemi - Canarium luzonicum gray  Duft\/Geruch: Zitrusartig, waldig, mastix-\u00e4hnlich; mit einem Hauch von Fenchel, Weihrauch und Gras.  Wirkungsbereich: Kl\u00e4rend, erfrischt, inspiriert, sch\u00e4rft die Sinne; reinigend und stimmungsaufhellend;\u00a0\u00a0\u00a0\u00a0 \u00a0Gibt neue Impulse, regt geistige F\u00e4higkeiten an;\u00a0\u00a0 \u201eAufbruch zu neuen Ufern\u201c.  Herkunftsland: Indonesien  Sonstiges: Harz; wird beim R\u00e4uchern klebrig-fl\u00fcssig.  &nbsp;  &nbsp;","og_url":"https:\/\/www.naturwaren.ch\/?product=elemi","og_site_name":"Naturwaren","article_publisher":"https:\/\/www.facebook.com\/Naturwarench-470034306341704\/","article_modified_time":"2021-02-13T18:44:49+00:00","og_image":[{"width":2560,"height":1714,"url":"https:\/\/www.naturwaren.ch\/wp-content\/uploads\/2010\/10\/elemi-scaled.jpg","type":"image\/jpeg"}],"twitter_card":"summary_large_image","schema":{"@context":"https:\/\/schema.org","@graph":[{"@type":"WebPage","@id":"https:\/\/www.naturwaren.ch\/?product=elemi","url":"https:\/\/www.naturwaren.ch\/?product=elemi","name":"Elemi | Naturwaren","isPartOf":{"@id":"https:\/\/www.naturwaren.ch\/#website"},"primaryImageOfPage":{"@id":"https:\/\/www.naturwaren.ch\/?product=elemi#primaryimage"},"image":{"@id":"https:\/\/www.naturwaren.ch\/?product=elemi#primaryimage"},"thumbnailUrl":"https:\/\/www.naturwaren.ch\/wp-content\/uploads\/2010\/10\/elemi-scaled.jpg","datePublished":"2010-10-17T22:22:46+00:00","dateModified":"2021-02-13T18:44:49+00:00","breadcrumb":{"@id":"https:\/\/www.naturwaren.ch\/?product=elemi#breadcrumb"},"inLanguage":"de","potentialAction":[{"@type":"ReadAction","target":["https:\/\/www.naturwaren.ch\/?product=elemi"]}]},{"@type":"ImageObject","inLanguage":"de","@id":"https:\/\/www.naturwaren.ch\/?product=elemi#primaryimage","url":"https:\/\/www.naturwaren.ch\/wp-content\/uploads\/2010\/10\/elemi-scaled.jpg","contentUrl":"https:\/\/www.naturwaren.ch\/wp-content\/uploads\/2010\/10\/elemi-scaled.jpg","width":2560,"height":1714},{"@type":"BreadcrumbList","@id":"https:\/\/www.naturwaren.ch\/?product=elemi#breadcrumb","itemListElement":[{"@type":"ListItem","position":1,"name":"Startseite","item":"https:\/\/www.naturwaren.ch\/"},{"@type":"ListItem","position":2,"name":"Shop","item":"https:\/\/www.naturwaren.ch\/?page_id=4"},{"@type":"ListItem","position":3,"name":"Elemi"}]},{"@type":"WebSite","@id":"https:\/\/www.naturwaren.ch\/#website","url":"https:\/\/www.naturwaren.ch\/","name":"Naturwaren","description":"R\u00e4ucherwaren - Ohrenkerzen - Klangschalen","publisher":{"@id":"https:\/\/www.naturwaren.ch\/#organization"},"potentialAction":[{"@type":"SearchAction","target":{"@type":"EntryPoint","urlTemplate":"https:\/\/www.naturwaren.ch\/?s={search_term_string}"},"query-input":{"@type":"PropertyValueSpecification","valueRequired":true,"valueName":"search_term_string"}}],"inLanguage":"de"},{"@type":"Organization","@id":"https:\/\/www.naturwaren.ch\/#organization","name":"Naturwaren","url":"https:\/\/www.naturwaren.ch\/","logo":{"@type":"ImageObject","inLanguage":"de","@id":"https:\/\/www.naturwaren.ch\/#\/schema\/logo\/image\/","url":"https:\/\/www.naturwaren.ch\/wp-content\/uploads\/2020\/12\/naturwaren_logo-e1609273799259.png","contentUrl":"https:\/\/www.naturwaren.ch\/wp-content\/uploads\/2020\/12\/naturwaren_logo-e1609273799259.png","width":250,"height":56,"caption":"Naturwaren"},"image":{"@id":"https:\/\/www.naturwaren.ch\/#\/schema\/logo\/image\/"},"sameAs":["https:\/\/www.facebook.com\/Naturwarench-470034306341704\/","https:\/\/www.instagram.com\/naturwaren.ch\/"]}]}},"_links":{"self":[{"href":"https:\/\/www.naturwaren.ch\/index.php?rest_route=\/wp\/v2\/product\/885","targetHints":{"allow":["GET"]}}],"collection":[{"href":"https:\/\/www.naturwaren.ch\/index.php?rest_route=\/wp\/v2\/product"}],"about":[{"href":"https:\/\/www.naturwaren.ch\/index.php?rest_route=\/wp\/v2\/types\/product"}],"wp:featuredmedia":[{"embeddable":true,"href":"https:\/\/www.naturwaren.ch\/index.php?rest_route=\/wp\/v2\/media\/1180"}],"wp:attachment":[{"href":"https:\/\/www.naturwaren.ch\/index.php?rest_route=%2Fwp%2Fv2%2Fmedia&parent=885"}],"wp:term":[{"taxonomy":"product_brand","embeddable":true,"href":"https:\/\/www.naturwaren.ch\/index.php?rest_route=%2Fwp%2Fv2%2Fproduct_brand&post=885"},{"taxonomy":"product_cat","embeddable":true,"href":"https:\/\/www.naturwaren.ch\/index.php?rest_route=%2Fwp%2Fv2%2Fproduct_cat&post=885"},{"taxonomy":"product_tag","embeddable":true,"href":"https:\/\/www.naturwaren.ch\/index.php?rest_route=%2Fwp%2Fv2%2Fproduct_tag&post=885"}],"curies":[{"name":"wp","href":"https:\/\/api.w.org\/{rel}","templated":true}]}}

<p>Dem Elemi Harz werden energetisierende, klärende Eigenschaften zugesprochen, welche aktivierend auf Chakren und Geist einwirken. Der frische, waldige Duft von Elemi erinnert ein wenig an Weihrauch und wird gerne für Meditation und bei Reinigungsritualen verwendet. Der Duft von Elemi stimmt zuversichtlich und eignet sich auch wunderbar für einen Neuanfang.</p>

<p><strong>Elemi </strong>&#8211; Canarium luzonicum gray</p>
<p><strong>Duft/Geruch</strong>: Zitrusartig, waldig, mastix-ähnlich; mit einem Hauch von Fenchel, Weihrauch und Gras.</p>
<p><strong>Wirkungsbereich</strong>: Klärend, erfrischt, inspiriert, schärft die Sinne; reinigend und stimmungsaufhellend;      Gibt neue Impulse, regt geistige Fähigkeiten an;   „Aufbruch zu neuen Ufern“.</p>
<p><strong>Herkunftsland</strong>: Indonesien</p>
<p><strong>Sonstiges</strong>: Harz; wird beim Räuchern klebrig-flüssig.</p>
<p>&nbsp;</p>
<p>&nbsp;</p>

<!-- This site is optimized with the Yoast SEO plugin v26.5 - https://yoast.com/wordpress/plugins/seo/ -->
<title>Elemi | Naturwaren</title>
<meta name="robots" content="index, follow, max-snippet:-1, max-image-preview:large, max-video-preview:-1" />
<link rel="canonical" href="https://www.naturwaren.ch/?product=elemi" />
<meta property="og:locale" content="de_DE" />
<meta property="og:type" content="article" />
<meta property="og:title" content="Elemi | Naturwaren" />
<meta property="og:description" content="Elemi - Canarium luzonicum gray  Duft/Geruch: Zitrusartig, waldig, mastix-ähnlich; mit einem Hauch von Fenchel, Weihrauch und Gras.  Wirkungsbereich: Klärend, erfrischt, inspiriert, schärft die Sinne; reinigend und stimmungsaufhellend;      Gibt neue Impulse, regt geistige Fähigkeiten an;   „Aufbruch zu neuen Ufern“.  Herkunftsland: Indonesien  Sonstiges: Harz; wird beim Räuchern klebrig-flüssig.  &nbsp;  &nbsp;" />
<meta property="og:url" content="https://www.naturwaren.ch/?product=elemi" />
<meta property="og:site_name" content="Naturwaren" />
<meta property="article:publisher" content="https://www.facebook.com/Naturwarench-470034306341704/" />
<meta property="article:modified_time" content="2021-02-13T18:44:49+00:00" />
<meta property="og:image" content="https://www.naturwaren.ch/wp-content/uploads/2010/10/elemi-scaled.jpg" />
	<meta property="og:image:width" content="2560" />
	<meta property="og:image:height" content="1714" />
	<meta property="og:image:type" content="image/jpeg" />
<meta name="twitter:card" content="summary_large_image" />
<script type="application/ld+json" class="yoast-schema-graph">{"@context":"https://schema.org","@graph":[{"@type":"WebPage","@id":"https://www.naturwaren.ch/?product=elemi","url":"https://www.naturwaren.ch/?product=elemi","name":"Elemi | Naturwaren","isPartOf":{"@id":"https://www.naturwaren.ch/#website"},"primaryImageOfPage":{"@id":"https://www.naturwaren.ch/?product=elemi#primaryimage"},"image":{"@id":"https://www.naturwaren.ch/?product=elemi#primaryimage"},"thumbnailUrl":"https://www.naturwaren.ch/wp-content/uploads/2010/10/elemi-scaled.jpg","datePublished":"2010-10-17T22:22:46+00:00","dateModified":"2021-02-13T18:44:49+00:00","breadcrumb":{"@id":"https://www.naturwaren.ch/?product=elemi#breadcrumb"},"inLanguage":"de","potentialAction":[{"@type":"ReadAction","target":["https://www.naturwaren.ch/?product=elemi"]}]},{"@type":"ImageObject","inLanguage":"de","@id":"https://www.naturwaren.ch/?product=elemi#primaryimage","url":"https://www.naturwaren.ch/wp-content/uploads/2010/10/elemi-scaled.jpg","contentUrl":"https://www.naturwaren.ch/wp-content/uploads/2010/10/elemi-scaled.jpg","width":2560,"height":1714},{"@type":"BreadcrumbList","@id":"https://www.naturwaren.ch/?product=elemi#breadcrumb","itemListElement":[{"@type":"ListItem","position":1,"name":"Startseite","item":"https://www.naturwaren.ch/"},{"@type":"ListItem","position":2,"name":"Shop","item":"https://www.naturwaren.ch/?page_id=4"},{"@type":"ListItem","position":3,"name":"Elemi"}]},{"@type":"WebSite","@id":"https://www.naturwaren.ch/#website","url":"https://www.naturwaren.ch/","name":"Naturwaren","description":"Räucherwaren - Ohrenkerzen - Klangschalen","publisher":{"@id":"https://www.naturwaren.ch/#organization"},"potentialAction":[{"@type":"SearchAction","target":{"@type":"EntryPoint","urlTemplate":"https://www.naturwaren.ch/?s={search_term_string}"},"query-input":{"@type":"PropertyValueSpecification","valueRequired":true,"valueName":"search_term_string"}}],"inLanguage":"de"},{"@type":"Organization","@id":"https://www.naturwaren.ch/#organization","name":"Naturwaren","url":"https://www.naturwaren.ch/","logo":{"@type":"ImageObject","inLanguage":"de","@id":"https://www.naturwaren.ch/#/schema/logo/image/","url":"https://www.naturwaren.ch/wp-content/uploads/2020/12/naturwaren_logo-e1609273799259.png","contentUrl":"https://www.naturwaren.ch/wp-content/uploads/2020/12/naturwaren_logo-e1609273799259.png","width":250,"height":56,"caption":"Naturwaren"},"image":{"@id":"https://www.naturwaren.ch/#/schema/logo/image/"},"sameAs":["https://www.facebook.com/Naturwarench-470034306341704/","https://www.instagram.com/naturwaren.ch/"]}]}</script>
<!-- / Yoast SEO plugin. -->

Elemi - Canarium luzonicum gray  Duft/Geruch: Zitrusartig, waldig, mastix-ähnlich; mit einem Hauch von Fenchel, Weihrauch und Gras.  Wirkungsbereich: Klärend, erfrischt, inspiriert, schärft die Sinne; reinigend und stimmungsaufhellend;      Gibt neue Impulse, regt geistige Fähigkeiten an;   „Aufbruch zu neuen Ufern“.  Herkunftsland: Indonesien  Sonstiges: Harz; wird beim Räuchern klebrig-flüssig.  &nbsp;  &nbsp;

Räucherwaren - Ohrenkerzen - Klangschalen
